{"id":356,"date":"2019-08-22T11:38:15","date_gmt":"2019-08-22T09:38:15","guid":{"rendered":"https:\/\/shirts2enjoy.de\/wordpress\/?page_id=356"},"modified":"2019-08-22T18:41:42","modified_gmt":"2019-08-22T16:41:42","slug":"textilien","status":"publish","type":"page","link":"https:\/\/shirts2enjoy.de\/wordpress\/textilien\/","title":{"rendered":"Textilien"},"content":{"rendered":"<div class=\"fusion-fullwidth fullwidth-box nonhundred-percent-fullwidth non-hundred-percent-height-scrolling\"  style='background-color: rgba(255,255,255,0);background-position: center center;background-repeat: no-repeat;padding-top:0px;padding-right:0px;padding-bottom:0px;padding-left:0px;'><div class=\"fusion-builder-row fusion-row \"><div  class=\"fusion-layout-column fusion_builder_column fusion_builder_column_1_1 fusion-builder-column-1 fusion-one-full fusion-column-first fusion-column-last 1_1\"  style='margin-top:0px;margin-bottom:20px;'>\n\t\t\t\t\t<div class=\"fusion-column-wrapper\" style=\"padding: 0px 0px 0px 0px;background-position:left top;background-repeat:no-repeat;-webkit-background-size:cover;-moz-background-size:cover;-o-background-size:cover;background-size:cover;\"   data-bg-url=\"\">\n\t\t\t\t\t\t<div class=\"fusion-text\"><p style=\"text-align: center;\"><span style=\"font-size: 14pt;\"><strong>F\u00fcr Ihren Textildruck bekommen Sie von uns auch gleich die passenden Textilien. Wir f\u00fchren eine gro\u00dfe Auswahl an Textilien. Zu unserem umfangreichen Sortiment geh\u00f6ren modische T-Shirts, Poloshirts und Sweatshirts aber auch Sch\u00fcrzen und Arbeitsbekleidung.<\/strong><\/span><\/p>\n<\/div><div class=\"fusion-clearfix\"><\/div>\n\n\t\t\t\t\t<\/div>\n\t\t\t\t<\/div><div  class=\"fusion-layout-column fusion_builder_column fusion_builder_column_1_3 fusion-builder-column-2 fusion-one-third fusion-column-first 1_3\"  style='margin-top:0px;margin-bottom:20px;width:33.33%;width:calc(33.33% - ( ( 4% + 4% ) * 0.3333 ) );margin-right: 4%;'>\n\t\t\t\t\t<div class=\"fusion-column-wrapper\" style=\"padding: 0px 0px 0px 0px;background-position:left top;background-repeat:no-repeat;-webkit-background-size:cover;-moz-background-size:cover;-o-background-size:cover;background-size:cover;\"   data-bg-url=\"\">\n\t\t\t\t\t\t<div class=\"fusion-title title fusion-title-1 fusion-title-size-two\" style=\"margin-top:0px;margin-bottom:31px;\"><h2 class=\"title-heading-left\" style=\"margin:0;\">Namhafte Hersteller<\/h2><div class=\"title-sep-container\"><div class=\"title-sep sep-double sep-solid\" style=\"border-color:#e0dede;\"><\/div><\/div><\/div><div class=\"fusion-text\"><p>Wir arbeiten seit vielen Jahren mit einem festen Pool an namhaften Textilherstellern zusammen, die spezielle Textilien f\u00fcr die Veredelung und Bedruckung produzieren. So k\u00f6nnen wir einen <strong>haltbaren<\/strong> und <strong>hochwertigen<\/strong> Textildruck garantieren!<\/p>\n<\/div><div class=\"imageframe-align-center\"><span class=\"fusion-imageframe imageframe-none imageframe-1 hover-type-none\"><img loading=\"lazy\" decoding=\"async\" src=\"https:\/\/shirts2enjoy.de\/wordpress\/wp-content\/uploads\/2019\/08\/hersteller.jpg\" width=\"300\" height=\"300\" alt=\"hersteller\" title=\"hersteller\" class=\"img-responsive wp-image-503\" srcset=\"https:\/\/shirts2enjoy.de\/wordpress\/wp-content\/uploads\/2019\/08\/hersteller-200x200.jpg 200w, https:\/\/shirts2enjoy.de\/wordpress\/wp-content\/uploads\/2019\/08\/hersteller.jpg 300w\" sizes=\"auto, (max-width: 800px) 100vw, 300px\" \/><\/span><\/div><div class=\"fusion-clearfix\"><\/div>\n\n\t\t\t\t\t<\/div>\n\t\t\t\t<\/div><div  class=\"fusion-layout-column fusion_builder_column fusion_builder_column_1_3 fusion-builder-column-3 fusion-one-third 1_3\"  style='margin-top:0px;margin-bottom:20px;width:33.33%;width:calc(33.33% - ( ( 4% + 4% ) * 0.3333 ) );margin-right: 4%;'>\n\t\t\t\t\t<div class=\"fusion-column-wrapper\" style=\"padding: 0px 0px 0px 0px;background-position:left top;background-repeat:no-repeat;-webkit-background-size:cover;-moz-background-size:cover;-o-background-size:cover;background-size:cover;\"   data-bg-url=\"\">\n\t\t\t\t\t\t<div class=\"fusion-title title fusion-title-2 fusion-title-size-two\" style=\"margin-top:0px;margin-bottom:31px;\"><h2 class=\"title-heading-left\" style=\"margin:0;\">Vielfalt<\/h2><div class=\"title-sep-container\"><div class=\"title-sep sep-double sep-solid\" style=\"border-color:#e0dede;\"><\/div><\/div><\/div><div class=\"fusion-text\"><p>Egal ob Gastronomie, Sportverein oder Handwerker &#8211; Bei uns finden Sie genau die richtige Kleidung! Unser Sortiment umfasst <strong>Berufsbekleidung<\/strong> f\u00fcr diverse Branchen, <strong>Sportbekleidung<\/strong> aber auch viele Accessoires (z.B. <strong>Sch\u00fcrzen<\/strong>, <strong>Baumwolltaschen<\/strong>).<\/p>\n<p>Falls wir mal trotz der Vielfalt nicht die richtige Textilien liefern k\u00f6nnen, bedrucken wir auch Textilien, die Sie uns zur Verf\u00fcgung stellen.<\/p>\n<p>In unserem Sortiment befinden sich \u00fcber <strong>5000 Textilien<\/strong>.<\/p>\n<\/div><div class=\"fusion-button-wrapper\"><a class=\"fusion-button button-flat fusion-button-default-shape fusion-button-default-size button-default button-1 fusion-button-default-span fusion-button-default-type\" target=\"_self\" href=\"https:\/\/shop.shirts2enjoy.de\"><span class=\"fusion-button-text\">Besuchen Sie unseren Katalog<\/span><\/a><\/div><div class=\"fusion-clearfix\"><\/div>\n\n\t\t\t\t\t<\/div>\n\t\t\t\t<\/div><div  class=\"fusion-layout-column fusion_builder_column fusion_builder_column_1_3 fusion-builder-column-4 fusion-one-third fusion-column-last 1_3\"  style='margin-top:0px;margin-bottom:20px;width:33.33%;width:calc(33.33% - ( ( 4% + 4% ) * 0.3333 ) );'>\n\t\t\t\t\t<div class=\"fusion-column-wrapper\" style=\"padding: 0px 0px 0px 0px;background-position:left top;background-repeat:no-repeat;-webkit-background-size:cover;-moz-background-size:cover;-o-background-size:cover;background-size:cover;\"   data-bg-url=\"\">\n\t\t\t\t\t\t<div class=\"fusion-title title fusion-title-3 fusion-title-size-two\" style=\"margin-top:0px;margin-bottom:31px;\"><h2 class=\"title-heading-left\" style=\"margin:0;\">Qualit\u00e4t<\/h2><div class=\"title-sep-container\"><div class=\"title-sep sep-double sep-solid\" style=\"border-color:#e0dede;\"><\/div><\/div><\/div><div class=\"fusion-text\"><p><strong>Gute Qualit\u00e4t ist ein unglaublich wichtiger Faktor, den wir sehr ernst nehmen.<\/strong><\/p>\n<p>\u00dcber die Preise mancher Kleidung k\u00f6nnen wir nur staunen. Man sieht einem fertigen Shirt nicht an ob Kinderh\u00e4nde mit im Fertigungsprozess waren oder ob sch\u00e4dliche Pestizide enthalten sind. Doch, wenn man die Verkaufspreise einiger Shirts sieht, dann kann man erahnen, welche L\u00f6hne die Arbeiter in der Produktionskette erhalten und welche Chemikalien bei der Produktion verwendet werden. Aus diesem Grund haben wir extrem g\u00fcnstige Anbieter aus dem Sortiment genommen und verkaufen Textilien mit einer gewissen Qualit\u00e4t.<\/p>\n<blockquote>\n<p><strong>Je besser die Qualit\u00e4t umso l\u00e4nger h\u00e4lt ein Shirt!<\/strong> Das bedeutet, sie sparen auf dauer bares Geld, weil Sie nicht sooft nachbestellen m\u00fcssen.<\/p>\n<\/blockquote>\n<p>Sprechen Sie uns an, gemeinsam finden wir auch f\u00fcr Ihr Vorhaben das richtige Textil wo <strong>Preis \/ Leistung<\/strong> stimmt.<\/p>\n<\/div><div class=\"fusion-clearfix\"><\/div>\n\n\t\t\t\t\t<\/div>\n\t\t\t\t<\/div><div  class=\"fusion-layout-column fusion_builder_column fusion_builder_column_1_1 fusion-builder-column-5 fusion-one-full fusion-column-first fusion-column-last 1_1\"  style='margin-top:0px;margin-bottom:20px;'>\n\t\t\t\t\t<div class=\"fusion-column-wrapper\" style=\"padding: 0px 0px 0px 0px;background-position:left top;background-repeat:no-repeat;-webkit-background-size:cover;-moz-background-size:cover;-o-background-size:cover;background-size:cover;\"   data-bg-url=\"\">\n\t\t\t\t\t\t<div class=\"fusion-sep-clear\"><\/div><div class=\"fusion-separator fusion-full-width-sep sep-double\" style=\"border-color:#e0dede;border-top-width:1px;border-bottom-width:1px;margin-left: auto;margin-right: auto;margin-top:;\"><\/div><div class=\"fusion-clearfix\"><\/div>\n\n\t\t\t\t\t<\/div>\n\t\t\t\t<\/div><div  class=\"fusion-layout-column fusion_builder_column fusion_builder_column_1_3 fusion-builder-column-6 fusion-one-third fusion-column-first 1_3\"  style='margin-top:0px;margin-bottom:20px;width:33.33%;width:calc(33.33% - ( ( 4% + 4% ) * 0.3333 ) );margin-right: 4%;'>\n\t\t\t\t\t<div class=\"fusion-column-wrapper\" style=\"padding: 0px 0px 0px 0px;background-position:left top;background-repeat:no-repeat;-webkit-background-size:cover;-moz-background-size:cover;-o-background-size:cover;background-size:cover;\"   data-bg-url=\"\">\n\t\t\t\t\t\t<span class=\"fusion-imageframe imageframe-none imageframe-2 hover-type-none\"><\/span><div class=\"fusion-title title fusion-title-4 fusion-title-size-three\" style=\"margin-top:0px;margin-bottom:31px;\"><h3 class=\"title-heading-left\" style=\"margin:0;\">Textildruck f\u00fcr Handwerker<\/h3><div class=\"title-sep-container\"><div class=\"title-sep sep-double sep-solid\" style=\"border-color:#e0dede;\"><\/div><\/div><\/div><div class=\"fusion-text\"><p>Unsere Textilien f\u00fcr Handwerker bieten <strong>hochwertige<\/strong> und <strong>langlebige<\/strong> Schnitte mit viel <strong>Bewegungsfreiheit<\/strong> und <strong>funktionalen Details<\/strong>.<\/p>\n<\/div><div class=\"fusion-button-wrapper\"><a class=\"fusion-button button-flat fusion-button-default-shape fusion-button-default-size button-default button-2 fusion-button-default-span fusion-button-default-type\" target=\"_self\" href=\"#\"><span class=\"fusion-button-text\">Textildruck f\u00fcr Handwerker<\/span><\/a><\/div><div class=\"fusion-clearfix\"><\/div>\n\n\t\t\t\t\t<\/div>\n\t\t\t\t<\/div><div  class=\"fusion-layout-column fusion_builder_column fusion_builder_column_1_3 fusion-builder-column-7 fusion-one-third 1_3\"  style='margin-top:0px;margin-bottom:20px;width:33.33%;width:calc(33.33% - ( ( 4% + 4% ) * 0.3333 ) );margin-right: 4%;'>\n\t\t\t\t\t<div class=\"fusion-column-wrapper\" style=\"padding: 0px 0px 0px 0px;background-position:left top;background-repeat:no-repeat;-webkit-background-size:cover;-moz-background-size:cover;-o-background-size:cover;background-size:cover;\"   data-bg-url=\"\">\n\t\t\t\t\t\t<span class=\"fusion-imageframe imageframe-none imageframe-3 hover-type-none\"><\/span><div class=\"fusion-title title fusion-title-5 fusion-title-size-three\" style=\"margin-top:0px;margin-bottom:31px;\"><h3 class=\"title-heading-left\" style=\"margin:0;\">Textildruck f\u00fcr Beauty- &amp; Kosmetiksalons<\/h3><div class=\"title-sep-container\"><div class=\"title-sep sep-double sep-solid\" style=\"border-color:#e0dede;\"><\/div><\/div><\/div><div class=\"fusion-text\"><p>Unsere Textilien f\u00fcr Handwerker bieten <strong>hochwertige<\/strong> und <strong>langlebige<\/strong> Schnitte mit viel <strong>Bewegungsfreiheit<\/strong> und <strong>funktionalen Details<\/strong>.<\/p>\n<\/div><div class=\"fusion-button-wrapper\"><a class=\"fusion-button button-flat fusion-button-default-shape fusion-button-default-size button-default button-3 fusion-button-default-span fusion-button-default-type\" target=\"_self\" href=\"#\"><span class=\"fusion-button-text\">Textildruck f\u00fcr Handwerker<\/span><\/a><\/div><div class=\"fusion-clearfix\"><\/div>\n\n\t\t\t\t\t<\/div>\n\t\t\t\t<\/div><div  class=\"fusion-layout-column fusion_builder_column fusion_builder_column_1_3 fusion-builder-column-8 fusion-one-third fusion-column-last 1_3\"  style='margin-top:0px;margin-bottom:20px;width:33.33%;width:calc(33.33% - ( ( 4% + 4% ) * 0.3333 ) );'>\n\t\t\t\t\t<div class=\"fusion-column-wrapper\" style=\"padding: 0px 0px 0px 0px;background-position:left top;background-repeat:no-repeat;-webkit-background-size:cover;-moz-background-size:cover;-o-background-size:cover;background-size:cover;\"   data-bg-url=\"\">\n\t\t\t\t\t\t<span class=\"fusion-imageframe imageframe-none imageframe-4 hover-type-none\"><\/span><div class=\"fusion-title title fusion-title-6 fusion-title-size-three\" style=\"margin-top:0px;margin-bottom:31px;\"><h3 class=\"title-heading-left\" style=\"margin:0;\">Textildruck f\u00fcr \u00c4rzte<\/h3><div class=\"title-sep-container\"><div class=\"title-sep sep-double sep-solid\" style=\"border-color:#e0dede;\"><\/div><\/div><\/div><div class=\"fusion-text\"><p>Unsere Textilien f\u00fcr Handwerker bieten <strong>hochwertige<\/strong> und <strong>langlebige<\/strong> Schnitte mit viel <strong>Bewegungsfreiheit<\/strong> und <strong>funktionalen Details<\/strong>.<\/p>\n<\/div><div class=\"fusion-button-wrapper\"><a class=\"fusion-button button-flat fusion-button-default-shape fusion-button-default-size button-default button-4 fusion-button-default-span fusion-button-default-type\" target=\"_self\" href=\"#\"><span class=\"fusion-button-text\">Textildruck f\u00fcr Handwerker<\/span><\/a><\/div><div class=\"fusion-clearfix\"><\/div>\n\n\t\t\t\t\t<\/div>\n\t\t\t\t<\/div><div  class=\"fusion-layout-column fusion_builder_column fusion_builder_column_1_3 fusion-builder-column-9 fusion-one-third fusion-column-first 1_3\"  style='margin-top:0px;margin-bottom:20px;width:33.33%;width:calc(33.33% - ( ( 4% + 4% ) * 0.3333 ) );margin-right: 4%;'>\n\t\t\t\t\t<div class=\"fusion-column-wrapper\" style=\"padding: 0px 0px 0px 0px;background-position:left top;background-repeat:no-repeat;-webkit-background-size:cover;-moz-background-size:cover;-o-background-size:cover;background-size:cover;\"   data-bg-url=\"\">\n\t\t\t\t\t\t<span class=\"fusion-imageframe imageframe-none imageframe-5 hover-type-none\"><\/span><div class=\"fusion-title title fusion-title-7 fusion-title-size-three\" style=\"margin-top:0px;margin-bottom:31px;\"><h3 class=\"title-heading-left\" style=\"margin:0;\">Textildruck f\u00fcr Einzelh\u00e4ndler<\/h3><div class=\"title-sep-container\"><div class=\"title-sep sep-double sep-solid\" style=\"border-color:#e0dede;\"><\/div><\/div><\/div><div class=\"fusion-text\"><p>Unsere Textilien f\u00fcr Handwerker bieten <strong>hochwertige<\/strong> und <strong>langlebige<\/strong> Schnitte mit viel <strong>Bewegungsfreiheit<\/strong> und <strong>funktionalen Details<\/strong>.<\/p>\n<\/div><div class=\"fusion-button-wrapper\"><a class=\"fusion-button button-flat fusion-button-default-shape fusion-button-default-size button-default button-5 fusion-button-default-span fusion-button-default-type\" target=\"_self\" href=\"#\"><span class=\"fusion-button-text\">Textildruck f\u00fcr Handwerker<\/span><\/a><\/div><div class=\"fusion-clearfix\"><\/div>\n\n\t\t\t\t\t<\/div>\n\t\t\t\t<\/div><div  class=\"fusion-layout-column fusion_builder_column fusion_builder_column_1_3 fusion-builder-column-10 fusion-one-third 1_3\"  style='margin-top:0px;margin-bottom:20px;width:33.33%;width:calc(33.33% - ( ( 4% + 4% ) * 0.3333 ) );margin-right: 4%;'>\n\t\t\t\t\t<div class=\"fusion-column-wrapper\" style=\"padding: 0px 0px 0px 0px;background-position:left top;background-repeat:no-repeat;-webkit-background-size:cover;-moz-background-size:cover;-o-background-size:cover;background-size:cover;\"   data-bg-url=\"\">\n\t\t\t\t\t\t<span class=\"fusion-imageframe imageframe-none imageframe-6 hover-type-none\"><\/span><div class=\"fusion-title title fusion-title-8 fusion-title-size-three\" style=\"margin-top:0px;margin-bottom:31px;\"><h3 class=\"title-heading-left\" style=\"margin:0;\">Textildruck f\u00fcr Vereine<\/h3><div class=\"title-sep-container\"><div class=\"title-sep sep-double sep-solid\" style=\"border-color:#e0dede;\"><\/div><\/div><\/div><div class=\"fusion-text\"><p>Unsere Textilien f\u00fcr Handwerker bieten <strong>hochwertige<\/strong> und <strong>langlebige<\/strong> Schnitte mit viel <strong>Bewegungsfreiheit<\/strong> und <strong>funktionalen Details<\/strong>.<\/p>\n<\/div><div class=\"fusion-button-wrapper\"><a class=\"fusion-button button-flat fusion-button-default-shape fusion-button-default-size button-default button-6 fusion-button-default-span fusion-button-default-type\" target=\"_self\" href=\"#\"><span class=\"fusion-button-text\">Textildruck f\u00fcr Handwerker<\/span><\/a><\/div><div class=\"fusion-clearfix\"><\/div>\n\n\t\t\t\t\t<\/div>\n\t\t\t\t<\/div><div  class=\"fusion-layout-column fusion_builder_column fusion_builder_column_1_3 fusion-builder-column-11 fusion-one-third fusion-column-last 1_3\"  style='margin-top:0px;margin-bottom:20px;width:33.33%;width:calc(33.33% - ( ( 4% + 4% ) * 0.3333 ) );'>\n\t\t\t\t\t<div class=\"fusion-column-wrapper\" style=\"padding: 0px 0px 0px 0px;background-position:left top;background-repeat:no-repeat;-webkit-background-size:cover;-moz-background-size:cover;-o-background-size:cover;background-size:cover;\"   data-bg-url=\"\">\n\t\t\t\t\t\t<span class=\"fusion-imageframe imageframe-none imageframe-7 hover-type-none\"><\/span><div class=\"fusion-title title fusion-title-9 fusion-title-size-three\" style=\"margin-top:0px;margin-bottom:31px;\"><h3 class=\"title-heading-left\" style=\"margin:0;\">Textildruck f\u00fcr Dartspieler<\/h3><div class=\"title-sep-container\"><div class=\"title-sep sep-double sep-solid\" style=\"border-color:#e0dede;\"><\/div><\/div><\/div><div class=\"fusion-text\"><p>Unsere Textilien f\u00fcr Handwerker bieten <strong>hochwertige<\/strong> und <strong>langlebige<\/strong> Schnitte mit viel <strong>Bewegungsfreiheit<\/strong> und <strong>funktionalen Details<\/strong>.<\/p>\n<\/div><div class=\"fusion-button-wrapper\"><a class=\"fusion-button button-flat fusion-button-default-shape fusion-button-default-size button-default button-7 fusion-button-default-span fusion-button-default-type\" target=\"_self\" href=\"#\"><span class=\"fusion-button-text\">Textildruck f\u00fcr Handwerker<\/span><\/a><\/div><div class=\"fusion-clearfix\"><\/div>\n\n\t\t\t\t\t<\/div>\n\t\t\t\t<\/div><\/div><\/div>\n","protected":false},"excerpt":{"rendered":"","protected":false},"author":1,"featured_media":0,"parent":0,"menu_order":0,"comment_status":"closed","ping_status":"closed","template":"","meta":{"footnotes":""},"class_list":["post-356","page","type-page","status-publish","hentry"],"yoast_head":"<!-- This site is optimized with the Yoast SEO plugin v26.6 - https:\/\/yoast.com\/wordpress\/plugins\/seo\/ -->\n<title>Textilien - Shirts2Enjoy<\/title>\n<meta name=\"robots\" content=\"index, follow, max-snippet:-1, max-image-preview:large, max-video-preview:-1\" \/>\n<link rel=\"canonical\" href=\"https:\/\/shirts2enjoy.de\/wordpress\/textilien\/\" \/>\n<meta property=\"og:locale\" content=\"de_DE\" \/>\n<meta property=\"og:type\" content=\"article\" \/>\n<meta property=\"og:title\" content=\"Textilien - Shirts2Enjoy\" \/>\n<meta property=\"og:url\" content=\"https:\/\/shirts2enjoy.de\/wordpress\/textilien\/\" \/>\n<meta property=\"og:site_name\" content=\"Shirts2Enjoy\" \/>\n<meta property=\"article:modified_time\" content=\"2019-08-22T16:41:42+00:00\" \/>\n<meta name=\"twitter:card\" content=\"summary_large_image\" \/>\n<meta name=\"twitter:label1\" content=\"Gesch\u00e4tzte Lesezeit\" \/>\n\t<meta name=\"twitter:data1\" content=\"15\u00a0Minuten\" \/>\n<script type=\"application\/ld+json\" class=\"yoast-schema-graph\">{\"@context\":\"https:\/\/schema.org\",\"@graph\":[{\"@type\":\"WebPage\",\"@id\":\"https:\/\/shirts2enjoy.de\/wordpress\/textilien\/\",\"url\":\"https:\/\/shirts2enjoy.de\/wordpress\/textilien\/\",\"name\":\"Textilien - Shirts2Enjoy\",\"isPartOf\":{\"@id\":\"https:\/\/shirts2enjoy.de\/wordpress\/#website\"},\"datePublished\":\"2019-08-22T09:38:15+00:00\",\"dateModified\":\"2019-08-22T16:41:42+00:00\",\"breadcrumb\":{\"@id\":\"https:\/\/shirts2enjoy.de\/wordpress\/textilien\/#breadcrumb\"},\"inLanguage\":\"de\",\"potentialAction\":[{\"@type\":\"ReadAction\",\"target\":[\"https:\/\/shirts2enjoy.de\/wordpress\/textilien\/\"]}]},{\"@type\":\"BreadcrumbList\",\"@id\":\"https:\/\/shirts2enjoy.de\/wordpress\/textilien\/#breadcrumb\",\"itemListElement\":[{\"@type\":\"ListItem\",\"position\":1,\"name\":\"Startseite\",\"item\":\"https:\/\/shirts2enjoy.de\/wordpress\/\"},{\"@type\":\"ListItem\",\"position\":2,\"name\":\"Textilien\"}]},{\"@type\":\"WebSite\",\"@id\":\"https:\/\/shirts2enjoy.de\/wordpress\/#website\",\"url\":\"https:\/\/shirts2enjoy.de\/wordpress\/\",\"name\":\"Shirts2Enjoy\",\"description\":\"Eine weitere WordPress-Website\",\"potentialAction\":[{\"@type\":\"SearchAction\",\"target\":{\"@type\":\"EntryPoint\",\"urlTemplate\":\"https:\/\/shirts2enjoy.de\/wordpress\/?s={search_term_string}\"},\"query-input\":{\"@type\":\"PropertyValueSpecification\",\"valueRequired\":true,\"valueName\":\"search_term_string\"}}],\"inLanguage\":\"de\"}]}<\/script>\n<!-- \/ Yoast SEO plugin. -->","yoast_head_json":{"title":"Textilien - Shirts2Enjoy","robots":{"index":"index","follow":"follow","max-snippet":"max-snippet:-1","max-image-preview":"max-image-preview:large","max-video-preview":"max-video-preview:-1"},"canonical":"https:\/\/shirts2enjoy.de\/wordpress\/textilien\/","og_locale":"de_DE","og_type":"article","og_title":"Textilien - Shirts2Enjoy","og_url":"https:\/\/shirts2enjoy.de\/wordpress\/textilien\/","og_site_name":"Shirts2Enjoy","article_modified_time":"2019-08-22T16:41:42+00:00","twitter_card":"summary_large_image","twitter_misc":{"Gesch\u00e4tzte Lesezeit":"15\u00a0Minuten"},"schema":{"@context":"https:\/\/schema.org","@graph":[{"@type":"WebPage","@id":"https:\/\/shirts2enjoy.de\/wordpress\/textilien\/","url":"https:\/\/shirts2enjoy.de\/wordpress\/textilien\/","name":"Textilien - Shirts2Enjoy","isPartOf":{"@id":"https:\/\/shirts2enjoy.de\/wordpress\/#website"},"datePublished":"2019-08-22T09:38:15+00:00","dateModified":"2019-08-22T16:41:42+00:00","breadcrumb":{"@id":"https:\/\/shirts2enjoy.de\/wordpress\/textilien\/#breadcrumb"},"inLanguage":"de","potentialAction":[{"@type":"ReadAction","target":["https:\/\/shirts2enjoy.de\/wordpress\/textilien\/"]}]},{"@type":"BreadcrumbList","@id":"https:\/\/shirts2enjoy.de\/wordpress\/textilien\/#breadcrumb","itemListElement":[{"@type":"ListItem","position":1,"name":"Startseite","item":"https:\/\/shirts2enjoy.de\/wordpress\/"},{"@type":"ListItem","position":2,"name":"Textilien"}]},{"@type":"WebSite","@id":"https:\/\/shirts2enjoy.de\/wordpress\/#website","url":"https:\/\/shirts2enjoy.de\/wordpress\/","name":"Shirts2Enjoy","description":"Eine weitere WordPress-Website","potentialAction":[{"@type":"SearchAction","target":{"@type":"EntryPoint","urlTemplate":"https:\/\/shirts2enjoy.de\/wordpress\/?s={search_term_string}"},"query-input":{"@type":"PropertyValueSpecification","valueRequired":true,"valueName":"search_term_string"}}],"inLanguage":"de"}]}},"_links":{"self":[{"href":"https:\/\/shirts2enjoy.de\/wordpress\/wp-json\/wp\/v2\/pages\/356","targetHints":{"allow":["GET"]}}],"collection":[{"href":"https:\/\/shirts2enjoy.de\/wordpress\/wp-json\/wp\/v2\/pages"}],"about":[{"href":"https:\/\/shirts2enjoy.de\/wordpress\/wp-json\/wp\/v2\/types\/page"}],"author":[{"embeddable":true,"href":"https:\/\/shirts2enjoy.de\/wordpress\/wp-json\/wp\/v2\/users\/1"}],"replies":[{"embeddable":true,"href":"https:\/\/shirts2enjoy.de\/wordpress\/wp-json\/wp\/v2\/comments?post=356"}],"version-history":[{"count":14,"href":"https:\/\/shirts2enjoy.de\/wordpress\/wp-json\/wp\/v2\/pages\/356\/revisions"}],"predecessor-version":[{"id":505,"href":"https:\/\/shirts2enjoy.de\/wordpress\/wp-json\/wp\/v2\/pages\/356\/revisions\/505"}],"wp:attachment":[{"href":"https:\/\/shirts2enjoy.de\/wordpress\/wp-json\/wp\/v2\/media?parent=356"}],"curies":[{"name":"wp","href":"https:\/\/api.w.org\/{rel}","templated":true}]}}